-3*f - 3*c = -2*f. Let k(s) = s**3 + 13*s**2 + 14*s + 4. List the prime factors of k(f).
2, 43
Let x = -27 + 45. Let s(z) = 5*z - 40. What are the prime factors of s(x)?
2, 5
Let i(x) = 24*x + 282. What are the prime factors of i(35)?
2, 3, 11, 17
Let r(s) = s**3 + 7*s**2 - 9*s - 2. Let f be r(-8). Suppose -8 = 2*g + f. Let j(t) = 2*t**2 + 8*t + 4. List the prime factors of j(g).
2, 23
Let z be (-3 - (-24)/4) + 159. Let s = -29 + z. Suppose -3*o = 4*f - 77, -5*o - 5*f = -3*f - s. What are the prime factors of o?
3
Let n(t) = 10*t - 16. Let p be n(9). Suppose p = 3*k - 34. List the prime factors of k.
2, 3
Let s = 1273 + -774. List the prime factors of s.
499
Let m = 112 + -123. Let i(t) be the second derivative of t**4/12 + 4*t**3/3 + t**2/2 - t. List the prime factors of i(m).
2, 17
Let a(v) = 2*v**2 + v. Let r be a(-2). Suppose -46 - 62 = -r*z. What are the prime factors of z?
2, 3
Let w = -315 - -514. What are the prime factors of w?
199
Let f(x) = -2*x**3 - 3*x**2 - 2*x - 3. Let o be f(-2). Suppose -2*b + 158 = -4*d, -3*b + o*b + 4*d = 158. What are the prime factors of b?
79
Let s(q) = -8*q + 4. Let i be s(11). Let u = 268 + i. List the prime factors of u.
2, 23
Let v(o) = 2*o**3 - 27*o**2 + 15*o - 33. List the prime factors of v(16).
1487
Suppose -3*r + 254 = -2*c + 3074, 3*r - 7008 = -5*c. List the prime factors of c.
2, 3, 13
Suppose -q - 2*q = -78. Let t = -126 - -128. Suppose 7*l - t*l = -4*a + q, -a = -l - 2. What are the prime factors of l?
2
Let a = -5 + 5. Suppose a = 2*u + 3*u - 485. Let p = -69 + u. What are the prime factors of p?
2, 7
Suppose -2 = 3*k + 10. Suppose -5*g = -5*r - 160, -76 - 69 = -5*g + 2*r. What are the prime factors of 546/g + k/18?
2, 5
Suppose 2*i = 2*w + 3*i - 119, 3*w - 191 = -4*i. Let x be 12/8*64/3. Let a = w - x. List the prime factors of a.
5
Let w(v) = -5*v**3 - 6*v**2 + 9*v + 9. Let k(r) = -r**3 + r. Let x(c) = -6*k(c) + w(c). Let u be x(5). List the prime factors of -3 - u/((-1)/(-41)).
2, 19
Let g(r) = r**2 - 3*r + 11. Let q be g(0). Suppose -q*j = -12*j + 79. List the prime factors of j.
79
Let h(d) = 17*d**2 - 10*d - 2. What are the prime factors of h(-7)?
17, 53
Suppose 7*x - 431 = 850. List the prime factors of x.
3, 61
Suppose -3*d + 5*d = -j + 60, -d + 52 = -5*j. Let n = 101 - d. Let i = 110 - n. What are the prime factors of i?
41
Suppose -2*w + w + 5 = 0. Suppose w*p = p + 4. What are the prime factors of -1 + (28 - p - -2)?
2, 7
Let l = -9 + 11. Suppose -5*w = -l*n - 168, -151 = -5*w - 3*n + 22. Let v = w + -21. What are the prime factors of v?
13
Suppose 5*t - 1099 - 351 = -5*w, 2*w - t = 589. What are the prime factors of w?
293
Let y be (-22)/(-6) + (-2)/(-6). Suppose 4*d = 38*d - 1496. List the prime factors of (54/y)/(33/d).
2, 3
Let h = -577 + 839. List the prime factors of h.
2, 131
Let z(w) = 6*w - 2. Let t be z(-2). Suppose -6*d - 112 = -20*d. Let h = d - t. What are the prime factors of h?
2, 11
Let n be 16/(-6)*(-150)/20. Let q = n + 65. What are the prime factors of q?
5, 17
Suppose 2 = -4*x + 5*x. Suppose -12 = 3*o, -x*b + 186 + 160 = -3*o. Let u = b - 108. What are the prime factors of u?
59
Let g = 2061 - 1366. What are the prime factors of g?
5, 139
Let n = 0 + 3. Let d = n + -3. What are the prime factors of (9 + -39)*(d - 1)?
2, 3, 5
Let p(b) = -194*b + 299. List the prime factors of p(-11).
3, 811
Suppose -8 = u + 4*f + f, 0 = 3*u + 4*f + 2. Suppose -o - 2 = -u*w + 1, 4*w - 11 = o. Suppose 2*q - w*q + 50 = 0. List the prime factors of q.
5
Let w = -21 + 10. Let o(t) = -4*t - 18. What are the prime factors of o(w)?
2, 13
Suppose 4*v - 5307 = z, z + 106 = -v + 1429. List the prime factors of v.
2, 3, 13, 17
Let r be (4/6)/(10/135). List the prime factors of 125 + r*3/9.
2
Suppose 24*w - 10 = 23*w. Let x = -5 + 8. Suppose 1 - 26 = -x*c + 5*s, -w = 5*s. List the prime factors of c.
5
Suppose 0 = 25*y - 31*y + 1794. What are the prime factors of y?
13, 23
Let t(v) be the first derivative of -35*v**4/2 - v**3/3 - v**2/2 - v - 21. What are the prime factors of t(-1)?
3, 23
Let j = 16 - 24. Let t(d) = d**3 + 7*d**2 - 9*d - 8. Let m be t(j). List the prime factors of 24/2 - (0 + m).
2, 3
Let b(g) = g**3 + 7*g**2 + 8*g + 166. List the prime factors of b(12).
2, 1499
Let x = 17 + -24. Let j(q) = -44*q + 10. Let v be j(8). What are the prime factors of v/(-21) + 2/x?
2
Suppose 13015 = -324*o + 329*o. List the prime factors of o.
19, 137
Suppose 2617 + 1408 = 23*u. What are the prime factors of u?
5, 7
Let p(y) = y**3 + 14*y**2 + 11*y - 48. What are the prime factors of p(-9)?
2, 3, 43
Suppose -5*p + 102 = -13. Let o = 22 + p. List the prime factors of 170/o - 2/(-9).
2
Let p(g) = -8*g**2 + 0*g**3 + 10*g + g**3 + 0*g**3 - 18 + 8. Let h(y) = y**2 - 4*y - 5. Let j be h(6). List the prime factors of p(j).
11
Suppose 5*c - 29129 = -2*u, 17483 = -0*c + 3*c + 4*u. List the prime factors of c.
5, 233
List the prime factors of 124796/140 + (-2)/5.
3, 11
Let r(c) be the first derivative of -3 - 10/3*c**3 + 3*c - 1/4*c**4 - 11/2*c**2. List the prime factors of r(-9).
3, 7
Let i(t) = -96*t - 51. What are the prime factors of i(-7)?
3, 23
Suppose 6784 = 2*q + 3*k, 9*q = 7*q - k + 6788. List the prime factors of q.
5, 7, 97
Let p = 1587 + -1073. What are the prime factors of p?
2, 257
Suppose -67 = p - 70. Let d(s) = 17*s - 8. List the prime factors of d(p).
43
Suppose -644 = -5*r - u + 2684, 4*r = u + 2666. What are the prime factors of r?
2, 3, 37
Suppose -4 - 12 = -4*z. Suppose g = -z*q + 56, 0*g + 2*g + 8 = 0. List the prime factors of q.
3, 5
Let q(p) = -8*p + 15. Suppose 12 = 13*k - 14*k. What are the prime factors of q(k)?
3, 37
Let w be 4/(-12) - 118/(-3). Let i = w - 4. Suppose -109 = -6*z + i. List the prime factors of z.
2, 3
Let w(y) = 121*y + 44. List the prime factors of w(4).
2, 3, 11
Suppose 47*f + 3670 = 163564. List the prime factors of f.
2, 3, 7
Suppose -4*h - 5*v = -16, 4*h - 16 = -0*v + 4*v. List the prime factors of (-576)/(-60) + h/10.
2, 5
Suppose 3*h + h - 3 = u, -u + 5*h - 5 = 0. Let p = 1079 + -1074. Suppose u*s - p*a = 165, -s - 4*s = 4*a - 138. List the prime factors of s.
2, 3, 5
Let j = 1908 - 799. What are the prime factors of j?
1109
Suppose -20*i = -40491 - 15989. What are the prime factors of i?
2, 353
Suppose 6*y = 791 + 3949. What are the prime factors of y?
2, 5, 79
Let b(d) = d**2 + 16. Let x be b(0). Let i be 12/x*4 + -6. What are the prime factors of i/(-1) - 1*-10?
13
Let a = 19 - 16. Suppose -3*f = t - 5, -f - 10 = a*f - 2*t. Suppose f = 4*q - q - 129. What are the prime factors of q?
43
Suppose 4*g - 18 = -2*a - 0*a, -5*g - 27 = -2*a. Let r = a - 9. Suppose u - 31 = 5*o, 0 = r*u + u - 2*o - 80. What are the prime factors of u?
2, 13
Suppose 3*k + 8 = k, -k = u. Suppose -i = 4*o - 63, -u*i - 4*o - o = -263. What are the prime factors of i?
67
Let a be ((-2)/5)/((9/(-15))/3). Suppose -a*c - 3*u + 81 = c, -4*c - 5*u + 109 = 0. List the prime factors of c.
2, 13
Let a(g) be the second derivative of -g**3/3 + 7*g**2 - 3*g. Let n be a(0). Let x = 23 - n. What are the prime factors of x?
3
Suppose -2*h - 2 = 5*s - 32, h + 3 = 2*s. What are the prime factors of (0/1 + 154)*2/s?
7, 11
Suppose -5*w = -3*w - 10. Let k(m) = -m + 18. Let c(x) = -9. Let u(n) = w*c(n) + 3*k(n). What are the prime factors of u(-10)?
3, 13
What are the prime factors of -7 + 18035/10 + 3/(-2)?
5, 359
Let m = -186 - -264. Suppose 0 = 5*s - m - 217. Suppose 3*j = 2*p + s + 30, -146 = -5*j + p. List the prime factors of j.
29
Let z be 6*(-1 - (-1)/2). Let n(w) = -7*w - 12. List the prime factors of n(z).
3
Let d be (-114)/(22/(-18) - 6/(-27)). Suppose 3*h + 0*h = d. List the prime factors of h.
2, 19
Let o(f) = 3*f**2 - 15*f - 41. Let i(n) = -2*n**2 + 10*n + 27. Let u = -25 + 17. Let y(a) = u*i(a) - 5*o(a). What are the prime factors of y(9)?
5
Suppose -6*l + 5265 = -1023. List the prime factors of l.
2, 131
Let l(b) = 2226*b**2 - 7*b + 8. What are the prime factors of l(1)?
17, 131
Let l = 7 - 7. Let c = 71 + l. What are the prime factors of c?
71
Let j(v) be the second derivative of 5*v**4/3 - v**3/6 - v**2 + 7*v. List the prime factors of j(-1).
19
Let u(y) be the second derivative of y**5/20 + 7*y**4/12 - y**3/6 + 3*y**2 + 25*y. List the prime factors of u(-6).
2, 3
Let i be 10/1